False
Is 91243 a prime number?
True
Is 77659 prime?
True
Is 2468341 a composite number?
False
Is 9527 a prime number?
False
Is 7379 a composite number?
True
Is 311549 a composite number?
True
Is 29459 prime?
False
Is 186391 a prime number?
True
Is 151631 a prime number?
True
Is 7999 a prime number?
False
Is 292897 composite?
True
Is 1313813 a prime number?
True
Is 152413 prime?
False
Is 325355 composite?
True
Is 977 a prime number?
True
Is 42281 prime?
True
Is 20417 prime?
False
Is 160709 composite?
False
Is 189037 prime?
False
Is 1981679 a prime number?
False
Is 674 a prime number?
False
Is 110843 a composite number?
True
Is 207341 prime?
True
Is 61837 a prime number?
True
Is 26083 a composite number?
False
Is 167613 a composite number?
True
Is 5158 prime?
False
Is 43031 a prime number?
False
Is 443 a prime number?
True
Is 30341 a composite number?
False
Is 272249 a composite number?
False
Is 43445 a composite number?
True
Is 321643 a composite number?
True
Is 11447 prime?
True
Is 5353 composite?
True
Is 22019 prime?
False
Is 1847 prime?
True
Is 435763 prime?
True
Is 14251 composite?
False
Is 175018 a prime number?
False
Is 1987471 a composite number?
False
Is 5311 composite?
True
Is 55313 composite?
False
Is 614794 a composite number?
True
Is 44305 a prime number?
False
Is 9587 a prime number?
True
Is 28685 prime?
False
Is 1517 composite?
True
Is 325357 composite?
True
Is 551381 a composite number?
False
Is 1361 composite?
False
Is 455641 a composite number?
True
Is 704549 prime?
True
Is 232301 a composite number?
True
Is 1543 composite?
False
Is 1038421 composite?
False
Is 100069 prime?
True
Is 1733569 a composite number?
False
Is 142 a composite number?
True
Is 142319 composite?
False
Is 22535 a composite number?
True
Is 39659 a prime number?
True
Is 16963 composite?
False
Is 26747 a prime number?
False
Is 6065 composite?
True
Is 13951 a prime number?
False
Is 221393 composite?
False
Is 13577 prime?
True
Is 68567 composite?
False
Is 26603 prime?
False
Is 4937 a prime number?
True
Is 21269 composite?
False
Is 20455 a composite number?
True
Is 1087621 prime?
True
Is 315263 a prime number?
False
Is 3661 a composite number?
True
Is 83107 composite?
True
Is 8129 a composite number?
True
Is 1405 a composite number?
True
Is 963461 composite?
False
Is 651333 prime?
False
Is 423509 a composite number?
False
Is 272719 composite?
False
Is 18041 a prime number?
True
Is 662351 a prime number?
True
Is 1123 a composite number?
False
Is 195907 prime?
True
Is 669 a prime number?
False
Is 7627 prime?
False
Is 5539 prime?
False
Is 216499 a prime number?
False
Is 2317 prime?
False
Is 148227 a composite number?
True
Is 211319 prime?
True
Is 2743 a prime number?
False
Is 31439 a composite number?
True
Is 797458 a composite number?
True
Is 11366 a prime number?
False
Is 15859 prime?
True
Is 263489 a composite number?
False
Is 323591 a composite number?
False
Is 11545 composite?
True
Is 714873 a prime number?
False
Is 34462 composite?
True
Is 124259 a prime number?
False
Is 1751209 prime?
False
Is 281591 a prime number?
False
Is 16183 a composite number?
False
Is 217011 a composite number?
True
Is 267629 a composite number?
False
Is 718073 a composite number?
True
Is 69767 composite?
False
Is 5989 prime?
False
Is 11729 a prime number?
False
Is 28507 a composite number?
True
Is 867819 a composite number?
True
Is 346403 a prime number?
False
Is 128303 prime?
False
Is 24029 prime?
True
Is 1279357 a composite number?
False
Is 930773 prime?
True
Is 51449 a prime number?
True
Is 308059 a composite number?
True
Is 16729 a prime number?
True
Is 162443 prime?
False
Is 504439 a prime number?
False
Is 55001 prime?
True
Is 19901 prime?
False
Is 2227 a composite number?
True
Is 1211 composite?
True
Is 189307 composite?
False
Is 7706 a composite number?
True
Is 36541 prime?
True
Is 92909 prime?
False
Is 131801 composite?
True
Is 2633 a composite number?
False
Is 2359 a composite number?
True
Is 737233 prime?
False
Is 3155 a composite number?
True
Is 1005523 a composite number?
True
Is 102871 a prime number?
True
Is 94243 composite?
True
Is 75443 a composite number?
True
Is 1993 composite?
False
Is 35011 prime?
False
Is 130717 prime?
False
Is 6397 a prime number?
True
Is 45691 a composite number?
False
Is 101227 a prime number?
False
Is 1928491 a composite number?
True
Is 17257 a prime number?
True
Is 38431 a composite number?
False
Is 55963 a prime number?
False
Is 63977 composite?
False
Is 17555 prime?
False
Is 65921 composite?
False
Is 326641 prime?
False
Is 1277 prime?
True
Is 39779 a composite number?
False
Is 74743 a prime number?
False
Is 29317 a prime number?
False
Is 1108739 a prime number?
True
Is 8705 a composite number?
True
Is 1835 composite?
True
Is 229459 a prime number?
True
Is 71039 a prime number?
True
Is 93623 prime?
False
Is 108055 prime?
False
Is 1216181 composite?
True
Is 2348291 prime?
False
Is 6373 a composite number?
False
Is 69899 a prime number?
True
Is 384773 a composite number?
False
Is 2275769 prime?
True
Is 5207 a prime number?
False
Is 1969 composite?
True
Is 5425559 a composite number?
False
Is 373139 a prime number?
False
Is 75903 prime?
False
Is 1847 prime?
True
Is 1141601 a prime number?
False
Is 8465 a prime number?
False
Is 366329 composite?
False
Is 224563 a prime number?
True
Is 40693 a prime number?
True
Is 73286 prime?
False
Is 309977 composite?
False
Is 5857 a composite number?
False
Is 326537 prime?
True
Is 3713 composite?
True
Is 2479 a prime number?
False
Is 1801 prime?
True
Is 6459 a prime number?
False
Is 58777 prime?
False
Is 3271 a prime number?
True
Is 733591 prime?
True
Is 120539 a prime number?
True
Is 153937 prime?
False
Is 58511 prime?
True
Is 19921 composite?
True
Is 447641 prime?
True
Is 105587 composite?
True
Is 28313 composite?
True
Is 121823 composite?
True
Is 855619 prime?
True
Is 257207 a prime number?
False
Is 777889 composite?
True
Is 2463 a prime number?
False
Is 924233 composite?
True
Is 43773 prime?
False
Is 68671 prime?
False
Is 29053 prime?
False
Is 124529 composite?
False
Is 574001 a composite number?
True
Is 26591 composite?
False
Is 339823 a prime number?
False
Is 64795 prime?
False
Is 13499 a prime number?
True
Is 274159 prime?
False
Is 7382 prime?
False
Is 8141 composite?
True
Is 601203 a composite number?
True
Is 42953 a prime number?
True
Is 2931 composite?
True
Is 15838 a composite number?
True
Is 1596242 composite?
True
Is 37217 prime?
True
Is 37951 a composite number?
False
Is 11499 a composite number?
True
Is 41765 prime?
False
Is 85978 a composite number?
True
Is 88349 composite?
True
Is 15877 a composite number?
False
Is 193327 composite?
False
Is 342179 a prime number?
True
Is 19121 prime?
True
Is 1511459 a prime number?
True
Is 169181 a composite number?
False
Is 75853 prime?
True
Is 3661655 a composite number?
True
Is 18859 prime?
True
Is 110857 prime?
False
Is 49285 a prime number?
False
Is 331997 composite?
False
Is 3779 prime?
True
Is 443791 composite?
False
Is 36229 prime?
True
Is 152591 prime?
False
Is 68587 a composite number?
True
Is 74197 a composite number?
False
Is 2333 a composite number?
False
Is 14647 a prime number?
False
Is 111091 composite?
False
Is 3841 a composite number?
True
Is 834941 a prime number?
True
Is 1643467 a composite number?
True
Is 8467 a composite number?
False
Is 4742665 a prime number?
False
Is 84089 a composite number?
False
Is 2435 a composite number?
True
Is 34737 composite?
True
Is 118247 a prime number?
True
Is 2617 composite?
False
Is 3787 a composite number?
True
Is 5755 prime?
False
Is 13397 prime?
True
Is 1655729 a prime number?
False
Is 29623 composite?
True
Is 19181 a prime number?
True
Is 116239 a prime number?
True
Is 455641 a composite number?
True
Is 50101 composite?
False
Is 53513 a composite number?
True
Is 7079 composite?
False
Is 24027 prime?
False
Is 2515 a prime number?
False
Is 3373979 composite?
True
Is 6493 a composite number?
True
Is 177511 composite?
False
Is 112741 composite?
False
Is 51751 a prime number?
False
Is 4183 a composite number?
True
Is 1059671 a composite number?
False
Is 29983 a prime number?
True
Is 1135391 composite?
True
Is 223189 composite?
True
Is 259687 a prime number?
False
Is 14449 prime?
True
Is 53929 compo